e the remainder when o is divided by 5.
1
Suppose 7*q - 3*k + 25 - 335 = 0, -5*q - 3*k = -206. Let w(x) = 3*x - 6. What is the remainder when q is divided by w(6)?
7
Let n = -5672 + 5686. Suppose f - 29 = 39. What is the remainder when f is divided by n?
12
Let u(c) = -2*c - 6. Let t = -11 - -33. Suppose -2*a = n + n + t, n - 49 = 5*a. What is the remainder when 26 is divided by u(a)?
12
Let u(o) = -2*o - 2 + 7 + o. Calculate the remainder when u(-2) is divided by 1.
0
Let n = -85 + 90. Suppose 0 = -4*b + 3*i + 122 + 146, n*b = -3*i + 362. What is the remainder when b is divided by 18?
16
Let h = 187 + -112. Calculate the remainder when h is divided by 20.
15
Suppose 5*a + 4*w - 34 = 0, -5*a - 3*w + 6*w = -62. Calculate the remainder when a is divided by 4.
2
Let k = 379 + -366. Calculate the remainder when k is divided by (-46)/(-6) + (-2)/3.
6
Suppose 8*f - 3*f - 335 = 0. Let z = f + -34. Suppose 5*x - 264 = y, y + z = 2*x - 75. Calculate the remainder when x is divided by 18.
16
Suppose -2*z + i = -z - 38, -38 = -z + 4*i. Let u(a) = a + 23. Let l be u(-20). Suppose -6*g + l*g + 39 = 0. Calculate the remainder when z is divided by g.
12
Suppose -4*k + 46 - 6 = 0. Suppose 0 = -4*r + 5*b + 32, 2*r - b = -2*r + 48. Calculate the remainder when k/4*784/40 is divided by r.
10
Let x be 4/12 + 112/(-12). Let a = x + 10. Suppose -a = 4*d - 45. What is the remainder when 30 is divided by d?
8
Suppose 0 = -3*h - 2*d + 384, 5*h - 7*d + 9*d = 644. Calculate the remainder when h is divided by 6.
4
What is the remainder when 226/((-1)/2*-4) is divided by 40?
33
Suppose -22*s + 35*s - 390 = 0. Calculate the remainder when 157 is divided by s.
7
Suppose 0 = -4*w + 106 + 98. Let a(g) = g**2 - 4*g - 3. Calculate the remainder when w is divided by a(7).
15
Let w be (2/2)/((-10)/30). Let z = 36 - w. What is the remainder when z is divided by 21?
18
Calculate the remainder when 80 is divided by (6 - 203/35)*110.
14
Suppose 0 = 3*w - 47*w + 748. Let p(d) = -d**3 + d**2 + 2*d + 1. What is the remainder when w is divided by p(-2)?
8
Let p(l) = -24*l + 26. Calculate the remainder when 486 is divided by p(-3).
94
Let k = 7 + 0. Suppose 209 = -2*z + k*z + o, -z + 2*o + 33 = 0. Calculate the remainder when 79 is divided by z.
38
Let s(k) = k**3 + 11*k**2 + 8*k + 2. Let i(f) = f**3 + 9*f**2 - 4*f - 12. What is the remainder when i(-5) is divided by s(-10)?
20
Let g = 1303 + -1163. Calculate the remainder when g is divided by 13.
10
Let a(z) = z**3 - 27*z**2 - 71*z + 3. What is the remainder when a(30) is divided by 24?
21
Suppose 23*w - 55 = 106. What is the remainder when w is divided by 6?
1
Suppose -o + f + 57 = 0, -7*o + 12*o - 270 = 2*f. Calculate the remainder when 464 is divided by o.
48
Suppose 4*s - g = -0*s + 97, 123 = 5*s - 3*g. Let w be ((4 + 0)/4 + 0)*6. What is the remainder when (-5 + 845/(-15))*w/(-4) is divided by s?
20
Suppose 344 = 57*p - 55*p + i, 0 = 4*p + i - 692. Calculate the remainder when p is divided by 37.
26
Let q(w) = -37*w - 86. What is the remainder when (2/6)/(2/282) is divided by q(-3)?
22
Suppose -100*w = -4*p - 96*w + 680, -5*p - 3*w + 874 = 0. What is the remainder when p is divided by 15?
8
Let z = 69 - 111. Calculate the remainder when 23 is divided by z/(-5) - 50/125.
7
Suppose -20 = 4*k, -3*s + k + 9 = -2*k. Let a(q) = -2. Let i(b) = b + 11. Let y(j) = s*i(j) - 11*a(j). Calculate the remainder when y(-12) is divided by 9.
6
What is the remainder when 45 - (-8)/(-16)*16 is divided by 37?
0
Suppose -49*v - 5517 = -6791. Suppose -5*a = 73 - 378. What is the remainder when a is divided by v?
9
Let s(a) = a**3 + a**2 - 3*a + 1. Let z be s(2). Let u(v) = -v + 6. Let d be u(z). What is the remainder when 86 is divided by (87/(2 - 5))/d?
28
Let i = -35 - -89. Let w = i - 14. Let y = -1761 + 1775. Calculate the remainder when w is divided by y.
12
Let z = -1428 + 1444. What is the remainder when 138 is divided by z?
10
Let n = -88 - -111. What is the remainder when n is divided by 9?
5
Let t(o) = -o**3 - o**2 + 9*o - 12. What is the remainder when t(-6) is divided by 17?
12
Suppose -2*g + 3*g = 1, -5 = -2*f - g. Suppose -f*h - 60 = -2*w, -4*h + h = -9. What is the remainder when w is divided by 13?
7
Let o(z) = 17*z**3 - 2*z + 2. What is the remainder when 50 - (-1 - 4 - -1) is divided by o(1)?
3
Suppose 0 = -35*w + 39*w - 104. Suppose 34 = f + 2*f + 2*q, 0 = f - 3*q - w. What is the remainder when 24 is divided by f?
10
Suppose 8*o = -6*b + 2*b + 856, 0 = 4*o + 5*b - 440. What is the remainder when o is divided by 12?
9
Suppose 545*d - 126 = 536*d. Calculate the remainder when 16 is divided by d.
2
Let q(m) = -9*m**3 - 2*m**2 - m + 1. Suppose -1 = -c - 57. Let v = -33 - c. What is the remainder when q(-2) is divided by v?
21
Suppose -341 = -18*f + 15*f - y, 0 = f - 5*y - 87. What is the remainder when f is divided by ((-1)/(-2) + -1)*-76?
36
Suppose z = c - 23, z = -3*z - 5*c - 74. Let n = -10 - z. Let j(u) = -u**2 - 14*u - 13. What is the remainder when j(-9) is divided by n?
10
Suppose 5*t - 50 = -5*v, -5*t + 77 = -2*v - 2*v. What is the remainder when t + (2 - (0 - 1)) is divided by 10?
6
Let c(z) = -7 - z + 3 + 10. Let b be c(6). Suppose 2*d - 7*d - w + 25 = 0, -4*w + 20 = b. Calculate the remainder when 5 is divided by d.
1
Suppose 0 = -f + l + 30, 4*f + f - 144 = 2*l. Let r = 48 - f. Suppose 0 = -9*d + 13*d - r. What is the remainder when d is divided by 2?
1
Let u = -2115 + 4059. Calculate the remainder when ((-1)/3)/((-8)/u) is divided by 21.
18
Let r be (2 + 28/(-16))*12. Suppose 2*f = 6*f - 16. Calculate the remainder when 9 - (-1 + r/1) is divided by f.
3
Let q(v) = -50 + 8*v - 8*v + 16*v - 3*v. Calculate the remainder when q(13) is divided by 31.
26
Let m(d) = d + 121. What is the remainder when m(-13) is divided by 55?
53
Suppose 3*i - 6 = -0*i. Suppose 5*q - 17 = i*d + 6, -4 = d - q. Let y(n) = 11*n**2 - 2*n + 1. Calculate the remainder when 18 is divided by y(d).
8
Suppose -x - 5*q = -2*x - 14, 16 = 4*q. Let h = 2 + 5. Suppose 0 = -2*b + 8, -4*b = -0*l - l + h. Calculate the remainder when l is divided by x.
5
Suppose 6*c + 3*k - 115 = 2*c, -3*k = 2*c - 65. Suppose 0 = 2*t - 0*t - 148. Calculate the remainder when t is divided by c.
24
Let y be 30/14 - (-2)/(-14). Calculate the remainder when (-3325)/(-49) + y/14 is divided by 14.
12
Let n(f) = -5*f - 4. Let o(a) = -9*a - 9. Let l(v) = 10*n(v) - 6*o(v). Let r be l(0). Suppose r*g = 13*g + 12. What is the remainder when 32 is divided by g?
8
Let w(o) = 2*o**2 - 11*o + 16. Let z be w(8). Suppose 0 = -3*i + 4 + z. What is the remainder when 30 is divided by i?
10
Suppose 10 = 5*o - h, 0*o - 4 = -2*o + 5*h. Suppose -94 = -0*v - o*v. Calculate the remainder when v is divided by 8.
7
Let a = 56 + -25. Let u = a - 17. Calculate the remainder when 26 is divided by u.
12
Suppose 4*a - 497 = -3*b, 3*a - 821 = -5*b - 0*a. Let q = -87 + b. Calculate the remainder when q is divided by 26.
24
Let q = -103 + 79. Let g = -6 - q. Calculate the remainder when g is divided by 8.
2
Let b = 71 + -36. Suppose -2*h - 4*g = -6*h + 124, -h + 2*g + b = 0. What is the remainder when 106 is divided by h?
25
Suppose -5*m = x + 24, 4*x - 4*m + 2*m - 14 = 0. Let g = 18 - 18. Suppose -q + 2 + g = 0. What is the remainder when q is divided by x?
0
Suppose 3*z - 4*j = 10, -57*z = -62*z - 3*j + 36. Suppose -3*m = -3 - 24. Calculate the remainder when m is divided by z.
3
Let g(z) = -z + 23. Let r = 43 - 9. What is the remainder when r is divided by g(11)?
10
Suppose 54 = 224*v - 218*v. Calculate the remainder when 115 is divided by v.
7
Suppose 0*y + 5*y + 5*t - 65 = 0, -30 = -2*y - t. Calculate the remainder when 3 is divided by 1 + -2 + -13 + y.
0
Let p be -4*-2*(-2)/(-8). Let u(h) be the first derivative of 11*h**2 - 2*h - 47. What is the remainder when u(p) is divided by 15?
12
Let x = -373 - -426. What is the remainder when 687 is divided by x?
51
Suppose -4*d = -8 - 4. Suppose -d*f + 180 = 3*a - 66, -5*f + 3*a + 418 = 0. What is the remainder when f is divided by (-4)/6*1 + 3096/108?
27
Let s = -97 - -97. Let i be 1/(-3) + (-650)/(-6). Suppose s = -7*d - 3 + i. What is the remainder when 58 is divided by d?
13
Let d(j) = j - 1. Let y(r) = -3*r + 30. Let a(t) = 2*d(t) + y(t). Calculate the remaind